*o - 283. Give b(37).
-24
Let q(w) = -w**2 - 24*w - 9. Calculate q(-22).
35
Let y(g) = -g - 53. What is y(-11)?
-42
Let m(j) = -15*j - 822. What is m(-55)?
3
Let t(i) = 54*i + 227. Calculate t(-4).
11
Let b(i) = 15*i - 7. Determine b(-4).
-67
Let a(s) = -s**3 - 6*s**2 + 5*s - 19. Determine a(-7).
-5
Let h(y) = y**3 + 6*y**2 - 7*y - 6. Determine h(-7).
-6
Let p(g) = 6*g**3 - g**2 + 5*g - 4. Give p(1).
6
Let b(k) = -11*k**3 - 2. Determine b(-1).
9
Let r(h) = h**3 + h - 4. What is r(2)?
6
Let u(q) = q**2 + q - 15. Calculate u(-6).
15
Let s(z) = z**3 - 9*z**2 - 38*z - 2. Calculate s(12).
-26
Let o(a) = 19*a**3 + a**2 + 2*a + 1. Give o(-1).
-19
Let u(t) = -t**2 + 23*t - 19. What is u(15)?
101
Let t(r) = r. What is t(24)?
24
Let r(p) = p + 10. Calculate r(-8).
2
Let d(h) = 3*h - 4. Determine d(4).
8
Let u(m) = -2*m**2 + 37*m + 1. What is u(18)?
19
Let b(q) = -q**2 + 5*q - 8. Calculate b(4).
-4
Let m(y) = y**2 - 7*y + 2. Determine m(2).
-8
Let p(a) = a**3 + 26*a**2 - 2*a - 42. Give p(-26).
10
Let k(s) = 16*s**3. Give k(1).
16
Let n(c) = c - 23. What is n(23)?
0
Let z(y) = y**3 - 15*y**2 + 61*y - 28. What is z(7)?
7
Let p(q) = 7*q - 14. Give p(-15).
-119
Let s(v) = 2*v**3 + 8*v**2 - 9*v + 8. Determine s(-5).
3
Let l(j) = -j**3 + 18*j**2 + 15*j + 91. What is l(19)?
15
Let w(f) = 32*f - 111. What is w(4)?
17
Let n(x) = -x**2 + 1. Calculate n(-3).
-8
Let l(m) = m**3 + 9*m**2 - 7*m + 28. Determine l(-10).
-2
Let q(c) = 12*c + 36. Determine q(4).
84
Let j(w) = -w - 14. Determine j(-15).
1
Let o(v) = v**2 - 6*v - 4. Calculate o(6).
-4
Let v(o) = 5*o**3 - o**2 - 4*o + 1. Determine v(-2).
-35
Let u(v) = v**2 - 67*v + 7. Determine u(0).
7
Let a(o) = -3*o**3 + 2*o**2 + 5*o + 9. Give a(2).
3
Let t(b) = b**3 - 9*b**2 + 17*b + 20. Determine t(4).
8
Let q(i) = 7*i**3 - i**2 + i + 1. Give q(-1).
-8
Let n(p) = -p + 8. What is n(12)?
-4
Let d(b) = -20*b**3 - 2*b**2 + b. Calculate d(1).
-21
Let b(u) = u**3 + 2*u**2 - 8*u - 6. Determine b(-4).
-6
Let k(g) = -2*g**2 - 4*g - 2. Determine k(6).
-98
Let l(a) = 121*a - 127. Give l(1).
-6
Let j(g) = -21*g**2 + 4*g + 2. Give j(1).
-15
Let r(s) = 2*s**2 + 24*s + 19. Determine r(-10).
-21
Let z(d) = d**3 + 6*d**2 + 6*d + 9. Give z(-6).
-27
Let y(r) = -r**3 + 20*r**2 + 68*r + 38. Determine y(23).
15
Let l(o) = -o**3 + 3*o**2 - 7*o + 21. What is l(3)?
0
Let s(a) = -11*a + 248. What is s(21)?
17
Let s(a) = 26*a + 29. Determine s(-4).
-75
Let d(w) = 2*w**2 - 14*w - 14. Determine d(8).
2
Let a(t) = 294*t + 2052. Determine a(-7).
-6
Let y(u) = -4*u**2 - 56*u + 10. What is y(-14)?
10
Let i(s) = 2*s**3 + s**2 + 3*s + 4. Determine i(-4).
-120
Let p(q) = -21*q - 4. Give p(-3).
59
Let b(v) = v**2 + 21*v + 97. What is b(-15)?
7
Let w(d) = -27*d - 93. Calculate w(-4).
15
Let m(v) = -v**3 - 15*v**2 + 15*v - 21. What is m(-16)?
-5
Let z(j) = -6*j + 13. Determine z(5).
-17
Let b(r) = r**3 - r**2 - 2*r + 2. Give b(1).
0
Let v(h) = h**3 - 12*h**2 - h - 9. Determine v(12).
-21
Let k(f) = -11*f - 50. Calculate k(-5).
5
Let y(w) = -w**3 + w**2 + w + 5. Calculate y(4).
-39
Let b(j) = 6*j - 14. Give b(5).
16
Let z(b) = -b**3 - 28*b**2 - 134*b - 49. Give z(-22).
-5
Let d(i) = i - 6. Give d(-22).
-28
Let h(c) = 49*c - 179. Give h(3).
-32
Let u(x) = 2*x**3 - 8*x**2 - 2*x + 3. Determine u(4).
-5
Let d(q) = -4*q - 145. Calculate d(-36).
-1
Let w(s) = 6*s**2 + 12*s + 26. Determine w(-3).
44
Let i(x) = -x**2 + 15*x + 127. Determine i(-6).
1
Let q(m) = -m**3 + 6*m**2 - 7*m + 4. Give q(5).
-6
Let s(u) = 6*u + 5. What is s(5)?
35
Let p(j) = j**3 - 13*j**2 - 30*j + 5. Calculate p(15).
5
Let x(c) = c**2 - 4*c - 1. Calculate x(3).
-4
Let k(u) = -u**3 - 16*u**2 + 19*u + 33. Give k(-17).
-1
Let y(o) = o**3 - o**2 + 49. Determine y(0).
49
Let v(g) = -g**2 - 18*g + 18. Determine v(-14).
74
Let f(d) = -d**2 + 15*d + 2. Calculate f(15).
2
Let c(h) = -h**3 - 4*h**2 + 5*h - 2. Give c(-5).
-2
Let v(t) = 2*t + 8. Determine v(13).
34
Let o(m) = -2*m**3 - 2*m**2 - 4*m + 1. Determine o(-2).
17
Let w(r) = 8*r**2 - 26*r + 12. Give w(3).
6
Let t(s) = -s**3 - 7*s**2 - 4*s - 11. Calculate t(-5).
-41
Let j(x) = x**3 + 4*x**2 + 3*x + 6. Give j(-4).
-6
Let d(r) = -r**3 + 11*r**2 - r + 27. Determine d(11).
16
Let f(l) = -2*l**3 + 8*l**2 + 8*l - 9. Determine f(5).
-19
Let t(o) = -2*o**3 + 8*o**2 - 3*o + 6. Give t(4).
-6
Let b(n) = 2*n + 2. What is b(-3)?
-4
Let d(o) = -4*o**2 - o - 10. Give d(-5).
-105
Let v(n) = n**2 - 11*n + 1. What is v(9)?
-17
Let t(q) = -4*q**2 - 5*q + 4. What is t(1)?
-5
Let z(p) = -4*p + 11. Give z(10).
-29
Let v(p) = -p - 23. Determine v(12).
-35
Let k(p) = -p**2 - 2*p + 8. What is k(-5)?
-7
Let m(j) = j - 22. What is m(17)?
-5
Let a(y) = y**2 - 14*y + 20. What is a(12)?
-4
Let w(u) = u**3 - 6*u**2 + 9*u - 7. Determine w(2).
-5
Let s(o) = -o. What is s(-2)?
2
Let s(n) = n - 22. Calculate s(0).
-22
Let z(o) = -4*o - 1. Give z(3).
-13
Let j(r) = -5*r + 79. Determine j(7).
44
Let j(d) = 6*d + 16. Calculate j(-7).
-26
Let h(s) = 3*s - 48. Determine h(13).
-9
Let u(j) = j**3 - 7*j**2 + 12*j - 17. What is u(4)?
-17
Let y(t) = -33*t + 1. Give y(-1).
34
Let d(i) = -i + 48. Give d(16).
32
Let w(j) = -j**2 - 27*j - 8. What is w(-27)?
-8
Let z(b) = -b**3 + 7*b**2 + 3*b - 9. Determine z(6).
45
Let t(v) = v**3 - 8*v - 12. Give t(-4).
-44
Let d(j) = -j**3 - 20*j**2 + 21*j + 21. Give d(-21).
21
Let z(d) = d**2 + 5*d - 5. Determine z(-5).
-5
Let c(w) = 8*w - 22. Calculate c(11).
66
Let n(p) = p**3 - 17*p**2 - 3. Calculate n(17).
-3
Let g(h) = h**3 - 13*h**2 - 31*h + 3. What is g(15)?
-12
Let u(t) = -4*t**2 - 39*t - 23. Determine u(-9).
4
Let f(v) = 2*v**2 + 26*v - 39. Give f(-15).
21
Let g(l) = -l**3 - 7*l**2 - 6*l - 14. Give g(-6).
-14
Let w(y) = 3*y**2 - 76*y + 100. Determine w(24).
4
Let d(z) = 5*z - 34. Calculate d(3).
-19
Let u(l) = -227*l + 1139. Determine u(5).
4
Let y(a) = a**2 + 5*a - 13. Determine y(-9).
23
Let a(g) = -2*g**2 - 44*g + 93. Determine a(-24).
-3
Let c(m) = -m**2 - 26*m - 29. Determine c(-24).
19
Let o(m) = m**3 - 13*m**2 - 10*m + 24. Determine o(13).
-106
Let c(b) = 3*b**2 + 15*b + 12. Determine c(-3).
-6
Let k(t) = t**2 - 15*t + 13. What is k(9)?
-41
Let w(z) = -z**3 + 29*z**2 - 27*z - 33. Calculate w(28).
-5
Let w(a) = 5*a**2 + 2*a - 2. Calculate w(-3).
37
Let p(f) = -6*f - 63. Give p(-14).
21
Let x(s) = -3*s - 125. Give x(-34).
-23
Let o(h) = 4*h + 1. What is o(-2)?
-7
Let r(w) = w**3 - 41*w**2 - 2*w + 76. What is r(41)?
-6
Let j(r) = 2*r - 32. Calculate j(14).
-4
Let s(l) = l**2 - 14*l + 2. Determine s(15).
17
Let b(i) = -i**2 - 12*i - 6. What is b(-11)?
5
Let b(v) = -5*v**3 - v. What is b(1)?
-6
Let c(n) = n**2 - 11*n + 18. Determine c(12).
30
Let c(r) = r**2 - 34*r + 66. What is c(32)?
2
Let r(w) = 6*w**3 + w**2 - 2*w + 1. Calculate r(1).
6
Let a(b) = 2*b + 9. Calculate a(-3).
3
Let w(j) = 5*j - 3. What is w(3)?
12
Let b(c) = -8*c - 3. What is b(-5)?
37
Let m(t) = -2*t**2 - t + 2. Give m(2).
-8
Let w(v) = -2*v - 43. Give w(-19).
-5
Let s(b) = -4*b + 6. What is s(-1)?
10
Let c(f) = 13*f - 115. What is c(11)?
28
Let f(a) = 15*a - 125. Determine f(9).
10
Let s(a) = 5*a + 3. Give s(-11).
-52
Let z(p) = 2*p**3 - 13*p**2 + 13*p + 3. Give z(5).
-7
Let g(j) = 10*j + 3. Calculate g(-2).
-17
Let x(u) = u**2 - 2*u - 16. Determine x(0).
-16
Let w(x) = -3*x + 52. Calculate w(15).
7
Let y(w) = -w**3 - 3*w**2 + 11*w + 4. What is y(-5)?
-1
Let i(v) = v**2 - 7*v - 5. Give i(7).
-5
Let r(y) = y - 117. Calculate r(27).
-90
Let t(a) = -a + 7. Calculate t(11).
-4
Let x(w) = w**2 + 2*w + 3. Calculate x(-4).
11
Let s(y) = 12*y + 5. Calculate s(-2).
-19
Let x(k) = -2*k**3 - 11*k**2 - 2*k - 4. Calculate x(-3).
-43
Let q(d) = 16*d - 14. Calculate q(5).
66
Let x(b) = -b**3 + 8*b**2 + 12*b + 6. Calculate x(9).
33
Let i(x) = x**3 - 7*x**2 - 11*x - 5. Give i(8).
-29
Let j(x) = 3*x**3 + 66*x**2 - 69*x - 8. What is j(-23)?
-8
Let s(x) = -x**3 + 9*x**2 - 18*x - 16. What is s(5)?
-6
Let x(a) = -a**2 + 8*a - 5. What is x(8)?
-5
Let x(k) = -k**2 + 12*k - 11. Calculate x(6).
25
Let c(s) = s + 3. Determine c(-8).
-5
Let f(d) = d**3 + 5*d**2 + 7*d + 10. Give f(-4).
-2
Let w(t) = -7*t - 22. Calculate w(-4).
6
Let p(q) = -q**2 - 11*q - 31. What is p(-8)?
-7
Let l(b) = -14*b - 147. Calculate l(-10).
-7
Let k(l) = l**2 - l - 1. Determine k(-3).
11
Let t(u) = u**2 + 13*u - 25. Give t(-1